be 4/10 - (-3)/((-15)/2). Suppose -4*i - s - 4*s = 1573, a = -5*i - 3*s - 1963. Let k = 963 + i. Is k composite?
False
Suppose -2*z = 5*q - 268 - 1789, -4 = z. Suppose 4*a + q - 8017 = 0. Is a a prime number?
True
Let m(k) = -139*k + 1359. Is m(-98) a prime number?
False
Suppose 0 = -3*s, 1686*j + 4*s + 77566 = 1688*j. Is j prime?
True
Let p(v) = 321*v**2 + 15*v + 1. Let x(q) = -q**3 + 11*q**2 - 30*q + 2. Let s be x(4). Is p(s) a prime number?
True
Let l = 157842 + -98689. Is l a prime number?
False
Let f = 74301 - 45544. Suppose 6*c - f = 15601. Suppose 4411 = 6*d - 3*d + 5*m, 5*d - 2*m - c = 0. Is d a prime number?
False
Suppose a - 4*y + 23 = 0, -5*y + 26 = -2*a + a. Let f be 5*a + -1 + 4. Let v = f + 347. Is v composite?
True
Let b be (0/4 - 694)/((-2)/(-4)). Let c = b - -5295. Is c a prime number?
True
Let j(t) = -81*t**2 - 15. Let f(d) = 243*d**2 - d + 42. Let h(l) = 4*f(l) + 11*j(l). Suppose 5*s - 14 = -4. Is h(s) a composite number?
True
Suppose 5*i = 4*n + 4*i - 4377, 3*i = -4*n + 4357. Suppose 47*z - 31111 - 37479 = -48*z. Let l = n - z. Is l a prime number?
False
Suppose 0 = 53*o - 41*o - 384. Is (1/(-2))/(o/(-353216)) composite?
False
Suppose 5*b + 3036 = 16286. Suppose 5*m + 833 = w, -b = -5*w - 2*m + 1623. Is w a prime number?
True
Suppose -5*n - 5*j = -3360, -7*n + 3*j + 3376 = -2*n. Is n prime?
False
Let l be 144/(-60) + (-6)/(-15). Is ((-5)/((-75)/5))/(l/(-14622)) composite?
False
Let n be (-6)/(-2 + -5 + 1). Let o(f) = 353*f**2 - 5*f + 5. Is o(n) a composite number?
False
Let x = -563735 + 991584. Is x composite?
False
Let w(q) = -2*q**3 - 5*q**2 + 8*q - 6. Let v be w(-4). Suppose v*r - 9167 = 12363. Is r a composite number?
False
Let w(m) be the third derivative of -m**6/40 - m**3/6 + 18*m**2. Let a be w(-1). Suppose 0*d + d = 0, -5*i + 295 = -a*d. Is i a prime number?
True
Let p(l) = -2*l**2 + 1. Let f(z) = 17*z**3 + 4*z**2 + 3*z - 19. Let n(h) = f(h) + 6*p(h). Is n(6) a prime number?
True
Let j(u) = -177*u**3 + 3*u**2 + 13*u + 44. Is j(-7) composite?
False
Is -6 - ((-12 + 2)/(-2) - (-1 + 284789)) a composite number?
False
Is (-25 + 8)*(0 - (-1041)/(-3)) a composite number?
True
Let f = 14086 - 7756. Suppose -10*o + 0*o + f = 0. Suppose t = x + o, 4*t + 5*x + 1899 = 7*t. Is t prime?
False
Let x(v) = -v**3 - 11*v**2 - v - 8. Let l(t) = -t**3 - 6*t**2 - 7*t - 7. Let s be l(-4). Let g be x(s). Suppose 3*p - 14196 = y, 0 = -g*y - y + 12. Is p prime?
True
Let w(g) be the second derivative of 5/2*g**3 + 0 + 12*g + 5/2*g**2 + 1/4*g**4. Is w(-11) composite?
True
Let a(r) = r**3 - 2*r**2 + 12*r - 1. Let z = 67 - 29. Let u = 46 - z. Is a(u) a composite number?
False
Let l(q) = 340*q**2 + 4*q + 5. Let n(p) = 3*p**2 + 62*p - 22. Let t be n(-21). Is l(t) a prime number?
False
Let n = 576090 - 352391. Is n a composite number?
True
Suppose 32*v - 277731 = -33752 - 32235. Is v prime?
False
Let h(a) = 114*a**3 - a**2 + 3*a - 2. Let g be h(2). Suppose 10*j - g = 4*j. Let t = j + 147. Is t prime?
False
Let w(m) = m**2 - 11*m - 6. Let y be w(11). Let n be (244 - (-2 - 0))*(-3)/y. Suppose -n = 3*v - 1128. Is v a composite number?
True
Suppose -2*c = -5*x - 0*x + 226, -5*x - 4*c = -208. Let q = -40 + x. Suppose 0 = -s - 2, q*d - 5*d + 67 = s. Is d prime?
False
Let u(i) = 211*i + 4 + 7 - 18 + 2. Let o be u(13). Suppose -2*m = -0*m + 4*y - o, -3*y = 2*m - 2735. Is m prime?
False
Let k(i) = 5*i**3 - 7*i**2 - 2*i + 3. Let q be k(4). Suppose -q*d - 16347 = -206*d. Is d a prime number?
True
Suppose 9*q + 65 = 14*q. Suppose 0 = -16*z + q*z + 40575. Suppose 41*f = 46*f - z. Is f a prime number?
False
Let q = 15430 + 2037. Is q composite?
False
Let o(g) = 11*g**2 + 84*g - 10. Let r be o(-10). Let t = 289 - r. Is t prime?
False
Let n be ((-56)/(-35))/((-4)/(-30)). Suppose -n*f - 3 = -3. Let a(j) = j**2 + 3*j + 787. Is a(f) a composite number?
False
Suppose -96*s + 16312467 = 6861939. Is s prime?
True
Suppose 2989*h = 2971*h + 14359914. Is h a composite number?
False
Let w(v) = -v**2 + 11*v + 2. Let i be w(11). Suppose -g = i*g - 6. Suppose 0 = u - 2*d - 1585, 5*u = g*u - d + 4727. Is u a prime number?
False
Suppose 0 = -4*p - 5*p + 34983. Suppose 0 = -3*j + 625 + p. Suppose 2*y - j = f, 757 - 8 = y + f. Is y a prime number?
True
Suppose 3*w - 4*v = -w - 3868, -5*v + 20 = 0. Let k = -661 - w. Let p = 461 - k. Is p a composite number?
True
Let u(w) = -3*w**2 - 22*w - 7. Let r be u(-5). Suppose 5620 = 32*g - r*g. Is g a composite number?
True
Let p = -58597 - -103010. Is p composite?
True
Suppose -2*t + 15760 = t - 99977. Is t a prime number?
False
Let w = 88 + -85. Let q be 5 + -4 - ((-2 - 0) + w). Suppose q = -3*o + 1565 + 5692. Is o prime?
False
Let w(u) = -4921*u + 105. Let j be w(-5). Suppose l - 9822 = -2*d + 2534, 0 = -4*d - 3*l + j. Is d a prime number?
False
Let g(u) = 10735*u**2. Let c be g(-1). Let l be (-1061174)/(-322) - (-9)/21. Suppose -9*y + l = -c. Is y a composite number?
False
Let t(g) = -7645*g + 318. Is t(-5) a prime number?
True
Let v(y) = 4*y**2 + 5*y - 1. Let k be v(-3). Let c be (k + 0)/(8/(-11696)). Is 20/(-12) + 2 - c/12 prime?
True
Suppose 2*z - 8 = -3*s + 3, 3*z = 4*s - 9. Let g be 46132/(-12) - s/(-9). Is g/(-6) - (-1)/12*4 a composite number?
False
Is (-30)/(-3) - -52299 - 8 a prime number?
True
Suppose -25*k - 2429465 = 33*k - 63*k. Is k a prime number?
True
Let h(b) be the third derivative of b**5/30 + b**4/24 - 2*b**3/3 + 10*b**2. Let n be h(13). Let u = 216 + n. Is u prime?
True
Let i(r) be the third derivative of -793*r**4/24 - 49*r**3/3 - 20*r**2. Is i(-9) composite?
False
Let h = 27 + -21. Suppose 0 = 3*j - h*j + m + 3730, -4*j + 5*m + 4977 = 0. Suppose 5*a - 3*d - 612 - 2500 = 0, 0 = 2*a - 3*d - j. Is a a prime number?
False
Let h(f) = 67*f**3 + 6*f**2 + 29*f - 161. Is h(9) a composite number?
False
Let g(o) = -839*o + 5. Let t be g(-3). Let j = t - 3544. Let w = -708 - j. Is w composite?
True
Let p be (-1800)/4*98/(-5). Suppose -8*c + 11*c = -p. Let o = c - -8859. Is o a composite number?
True
Let v = -194428 - -353487. Is v prime?
True
Let j(v) = 14*v**2 - 3*v + 19. Let y be j(6). Let x = y + -324. Let a = x - 102. Is a prime?
True
Let i = 128747 + 209934. Is i a composite number?
True
Suppose 0 = 12*j - 19*j + 196. Is (1910/4)/(j/56) a prime number?
False
Suppose -1564*f + 329288 = -1556*f. Is f prime?
True
Let w(r) = 30*r**2 - 48*r - 1263. Is w(-30) a composite number?
True
Let p(g) = 3933*g**3 + 20*g**2 + 14*g - 116. Is p(5) prime?
False
Suppose 673951 = 74*h + 8765. Is h a prime number?
False
Suppose -120078 = -9*j - 5*j. Let x = -1208 + j. Is x composite?
False
Let r(z) = -10*z**3 + z**2 + 1. Let d be r(-1). Suppose -43 = 3*n + 5*q, 0 = -3*n - q + d - 35. Let m(h) = -75*h - 7. Is m(n) a prime number?
True
Suppose 1847471 = 5*h - 4*q, -q + 239631 = 2*h - 499334. Is h a composite number?
False
Suppose 6*h + 8792 = 8*h. Is h/6*9/6 prime?
False
Suppose -12*i + 64839 = -160029. Is i a composite number?
True
Suppose 4*f - 2*y + 2 = 0, 0*f - 3 = f + 2*y. Let j be f/(-4) + 15539/4. Suppose -2*m = -j - 2653. Is m prime?
False
Suppose -5*x = 3*p + 9, 3*x + 2 = -p - 1. Suppose x = -4*j - 4*y + 28056, 3*j + 4*y + 5657 - 26694 = 0. Is j prime?
True
Let n be -24501*1/2 + (-1)/2. Let c = -7024 - n. Is c composite?
False
Let k(o) = 99 + 317*o - 1799*o - 223*o + 184. Is k(-4) a composite number?
False
Let w = 88 - 82. Suppose 0 = w*l + 2*l - 7112. Suppose 11*c - l + 174 = 0. Is c a prime number?
False
Let k = -56 + 70. Suppose 7*d = -k - 7. Is ((-233)/(-2))/(d/(-12)) composite?
True
Let t = 509575 + -309936. Is t a prime number?
False
Let a(l) = l**3 - l**2 - 2*l + 28. Let s be a(0). Suppose 0*w = 4*w - s. Suppose -12*m + w*m = -695. Is m a prime number?
True
Let c = -8800 - -5743. Let f = 1214 - c. Is f prime?
True
Let k(t) = 2*t - 29. Let s be k(16). Let p(i) = 419*i**2 - 10. Is p(s) a composite number?
False
Suppose 0 = 3*a - 0*x - x - 32, 5*a - 57 = -2*x. Suppose a = 4*d + 3*h, 3*d + 13 = 3*h - 5. Is (d/3 - 0)/((-4)/8436) prime?
False
Suppose -8*c = -3*c. Suppose -12*t + 17*t - 20 = c. Suppose t*l + 3*d = 2*l + 1154, -5*l = -2*d - 2847. Is l a prime number?
True
Let z = -119 - -123. Suppose -t + 416 = q - 984, -z*t = -4*q - 5616. Is t a composite number?
True
Let f = 296676 - -53521. Is f composite?
True
Let n(a) = -32*a